culate b(-12).
8
Let f(n) = -n + 2. Let j(o) be the first derivative of 0*o**2 + 0*o**2 - 1 + o**2. Let a be j(2). Determine f(a).
-2
Let x = -15 - -11. Let o(q) = -q**2 - 4*q - 4*q + 1 + 6*q. What is o(x)?
-7
Let y(u) = 2*u**3 - 2*u**2 + 2. Suppose 0*a + 8 = 2*a. Suppose g = -a*v - 2, 4*v + 3 = v. Calculate y(g).
10
Let m(r) = r - 1. Let z(q) = -q + 1. Let i(k) = -4*m(k) - 5*z(k). Let p = 52 + -59. What is i(p)?
-8
Let t(d) = d + 2. Let x = 32 + -19. Suppose 15 = 4*s - x. What is t(s)?
9
Let b(u) be the first derivative of -u**4/4 + 8*u**3/3 - 3*u**2/2 - 11*u + 7. What is b(8)?
-35
Let d(k) = k**3 - k**2 + k - 1. Let c(q) = -5*q**3 + 7*q**2 - 5*q + 5. Let n(x) = c(x) + 4*d(x). Let b be ((-2)/6)/(7/(-42)). Calculate n(b).
3
Let t(f) = -f - 6. Suppose -15 = -h - 58. Let m = -47 - h. What is t(m)?
-2
Let s = 23 - 19. Suppose -9 = -s*y - 1. Let b(g) = 1 + 0 + 5*g - 5*g + y*g. Determine b(-1).
-1
Suppose y + 4 = 4*n, 2*n = -0*n + y + 4. Let k(z) be the second derivative of n + 1/12*z**4 + 3*z + 0*z**2 - 2/3*z**3. Determine k(3).
-3
Let n(d) = -7*d - 52. Let s be n(-9). Let t(b) = -b**2 + 10*b + 15. Determine t(s).
4
Let y(o) be the third derivative of o**3/6 - o**2. Let d(s) = 2. Let z(x) = x - 26. Let h(u) = 22*d(u) + 2*z(u). Let p(w) = h(w) + 6*y(w). Calculate p(3).
4
Let p(d) = d. Let f be p(4). Suppose 0 = 2*j, 3*u - 5*j = 2 + f. Suppose u*m + 2*m = 20. Let t(l) = l**2 - 8*l + 5. Calculate t(m).
-10
Let r(c) be the first derivative of -c**4/4 - 2*c**3/3 + c**2/2 - 2*c + 1. Suppose 4*b = -2*h + 11 - 15, 4*h = 3*b + 25. Determine r(b).
4
Let x(f) = 27*f. Let y(d) = 8*d - 1. Let l(n) = x(n) - 3*y(n). Give l(-5).
-12
Let a(h) be the first derivative of -1/2*h**2 + 7 - 7*h. What is a(-7)?
0
Let q(u) = -6*u**3 - 9*u**2 + 15*u - 32. Let m(p) = p**3 + 2*p**2 - 3*p + 6. Let h(z) = 11*m(z) + 2*q(z). What is h(3)?
2
Suppose b + 14 - 16 = 0. Let m(l) = 4*l**b + l**2 + 4 - l**2 - 3*l - 3. What is m(2)?
11
Suppose -f = -3*i + 5 + 5, 4*i - 3*f = 15. Let a(j) = 2*j + 10*j - 8*j - i. Let r = 5 - 3. Give a(r).
5
Let h(l) = -l**3 - 2*l**2 + 6*l - 3. Suppose 2*r = -25*r - 108. What is h(r)?
5
Let v(u) = -5*u**3 + u**2 + 2*u + 2. Suppose -38*s - 9 = 29. Determine v(s).
6
Suppose 13*w - 12*w = 0. Let x(h) be the first derivative of h**5/20 + h**4/12 + h**3/6 - 2*h**2 - 5*h - 2. Let z(i) be the first derivative of x(i). Give z(w).
-4
Let r(v) = -3*v**2 + 6*v**2 + 123*v + v**3 - 3 - 61*v - 60*v. Give r(-2).
-3
Let m(p) be the second derivative of -p**3/6 - 2*p**2 + p + 27. Determine m(4).
-8
Let n be 2 - 1 - -1 - 25. Suppose 5*q - 205 = -105. Let k = n + q. Let i(g) = g**2 + 3*g - 4. What is i(k)?
-4
Let i = 85 - 71. Let a = -20 + i. Let m(x) = x - 4. Give m(a).
-10
Let h(b) = 15*b - 2. Let j(f) = 16*f - 3. Suppose -4*p - 19 = -7. Let q(r) = p*j(r) + 4*h(r). What is q(1)?
13
Let s(o) = -o**2 - 4*o + 45. Let i be s(-9). Let a(c) = -c**2 - c - 40. Determine a(i).
-40
Let s(b) = 7*b. Let i be s(-1). Let v(m) = -2*m + 4. What is v(i)?
18
Let p(c) = -c**2 + 3*c + 25. Let t(i) = -i**2 + 2*i + 13. Let s(y) = -3*p(y) + 5*t(y). What is s(0)?
-10
Let x(o) be the second derivative of 5/2*o**2 + 0 - o + 1/6*o**3. Suppose -843*f = -872*f - 174. Calculate x(f).
-1
Suppose -m + 2 = 0, 91*d - 88*d + 2*m - 13 = 0. Let w(v) = 6*v - 8. What is w(d)?
10
Let x(s) = s**2 - 7*s + 3. Let m(c) = -2*c**2 + 14*c - 7. Let i(j) = -4*m(j) - 7*x(j). Suppose 35*z = 33*z + 10. What is i(z)?
-3
Let a(h) = 3*h**2 + 16*h - 5. Let y(k) = 5*k**2 + 31*k - 9. Let q(l) = 7*a(l) - 4*y(l). Give q(12).
1
Let a(z) = z**3 + 10 - 9*z**2 - z**2 - 3428*z - 19 + 3431*z - 18. Give a(10).
3
Let d(m) be the first derivative of 1/3*m**3 + 6*m + 1 - 9/2*m**2. Determine d(7).
-8
Let h(p) = -4*p - 52. Let f be h(-12). Let b(l) = -5*l - 3. Determine b(f).
17
Let z(f) be the third derivative of -f**6/120 - f**5/6 - 11*f**4/24 - 10*f**3/3 + 23*f**2. Let h be z(-9). Let d(u) = -2 - 1 + 2 - 3*u. Give d(h).
5
Let m be (-8)/(-3) + 0 + 12/(-18). Let g(c) = -10 - m - 11*c + 10*c - 4. Determine g(0).
-16
Let b be 4 + -1*(-4)/(-2). Let c(l) = -2*l + b + 0 + 0*l - 4. What is c(-2)?
2
Suppose 3*n + 21 = 3*t, 0 = 7*n - 4*n. Let u(x) = 6*x - 17. What is u(t)?
25
Let o(x) = -2 + 5*x + 4 - 4*x. Let r be o(-4). Let t(b) be the first derivative of -b**4/4 - 2*b**3/3 - b**2/2 + b - 7. Calculate t(r).
3
Suppose 93 + 40 = -19*u. Let w(y) be the third derivative of y**4/12 + y**3 + 2*y**2. Give w(u).
-8
Let a(b) be the third derivative of b**6/120 - b**5/10 + b**4/24 + b**3/3 + 2*b**2. Let r be a(6). Let g(m) = -m + 10. Determine g(r).
2
Let r(b) = 3*b**2 - 3 + 4*b**2 + b**3 - 6 + 3*b + 7 - 3. What is r(-4)?
31
Let n(i) = -i**2 - 9*i - 11. Suppose -5*q = 45 - 15. Let z(y) = -3*y**2 - 26*y - 32. Let r(t) = q*z(t) + 17*n(t). Calculate r(-4).
9
Let k(w) = -w**2 + 7*w + 2. Suppose 2*d = 6*d - 300. Let g = d + -67. What is k(g)?
-6
Suppose 0 = -g + 3 - 2. Suppose 2*k - 3 - 5 = -4*q, 3*k = -2*q + 4. Let h(o) = 49*o**q - 30*o**2 - 5 - g + o**3 - 25*o**2. Determine h(6).
-6
Let g(u) = 2*u**3 + 4*u**2 - u**3 + 0 + 3 + 2*u. Suppose 2*t - 3*i - 22 = -25, -2*t + i = 5. Give g(t).
6
Let y(d) = -3*d + 9. Suppose 4*a = 5*q + 23, -4*a + 22 - 5 = -3*q. Suppose 4*o - 2*s - 10 = 0, -3*o - 5*s = -a*o - 8. Let r = o + 3. Calculate y(r).
-9
Let c(b) = -b**3 + 7*b**2 - b + 10. Let p(a) = a**3 - 6*a**2 - 10. Let x(s) = 2*c(s) + 3*p(s). Give x(5).
5
Suppose 0 = -4*t + 92 - 48. Let r(a) = -10*a + a**2 + 11*a - t*a**3 + 18*a**3 + a**2. Calculate r(-1).
-6
Let d(i) be the second derivative of 2*i**2 - 10*i + 1/6*i**3 + 0. Give d(7).
11
Let x(p) = p**3 - p**2 + 8*p + 7. Let q(c) = -c**2 - 1. Let j(o) = -6*q(o) - x(o). Let n(v) = -2*v - 16. Let u be n(-11). What is j(u)?
-13
Suppose 4*t + 0*t = 4*p - 16, 0 = 3*t. Let x(f) = -2*f + 12. Determine x(p).
4
Suppose -204136*b + 204138*b = 0. Let l(v) = v + 0*v + 3*v**2 - 2*v**2 + v**3. Calculate l(b).
0
Let z(s) = s**3 - s**2 + s + 5. Let k = -22 - -18. Let b be (k + 16/2)/2. Suppose b*r - 4 = -3*p - 0*r, -5*r = p - 10. What is z(p)?
5
Suppose 6*b - 4*o + 24 = 4*b, 4*o - 20 = b. Let k(y) = y**2 + 5*y + 2. Give k(b).
-2
Let x(q) = -q**2 + 4*q - 2. Let f(d) = 9*d + 301. Let g be f(-33). Determine x(g).
-2
Let p(c) = 6*c + 68. Let w be p(-12). Let a(s) = -2 + 4*s + 1 + 6. Give a(w).
-11
Let r(c) be the first derivative of 16*c**3/3 - c**2/2 + 2. Let f = -3150 + 3151. Calculate r(f).
15
Let c be (-7)/((-14)/(-12)) - 0. Let r(w) = -7*w - 12. Let l(u) = 3*u - 1 + 2*u - 6*u + 0*u. Let q(x) = 3*l(x) - r(x). Determine q(c).
-15
Let h(b) be the first derivative of -b**3/3 - 7*b**2/2 + 5*b - 130. Suppose 20 = -0*i - 4*i. Give h(i).
15
Let n(m) = m + 8. Let c(d) = d + 5. Let s(l) = 3*c(l) - 2*n(l). Let x = 0 - -2. What is s(x)?
1
Let s(h) = -4*h. Let q(v) = 5*v - 1. Let u(g) = 5*q(g) + 6*s(g). Suppose 0*d + 35 = 7*d. Give u(d).
0
Suppose -87*d + 25 = -82*d. Let k(u) = u + 11. Let c be k(-8). Let y(w) = -w + 0*w**c + 5*w**2 + 1 - w**3 + 1. Determine y(d).
-3
Let j = 1466 - 1455. Let g(h) = -h**2 + 11*h. Determine g(j).
0
Let n(z) be the third derivative of -17*z**2 + 0*z**3 - 1/15*z**5 + 0*z + 1/120*z**6 + 0*z**4 + 0. Determine n(4).
0
Let v(m) be the third derivative of 0*m + 2/3*m**3 + 0 + 5/24*m**4 + 18*m**2. What is v(-3)?
-11
Let q = -18 + 12. Suppose -3*w = -x - 19, -2*w + x = 3*x - 2. Let b(i) = 7*i + 3*i**2 + 3*i**2 + w - 7 - 5*i**2. What is b(q)?
-8
Let v(n) be the first derivative of -n**5/20 + n**2 - 12*n - 7. Let p(q) be the first derivative of v(q). Calculate p(2).
-6
Let y(u) = -u**3 - 4*u**2 + 5*u + 6. Let a = -74 - -80. Suppose -a*z + 16 - 46 = 0. Determine y(z).
6
Suppose -3*q = q - 4, 5*q = -5*y + 15. Suppose 3*b - 3 = y*b, h + 3*b = 15. Let c(u) = -3*u - 2. Calculate c(h).
-20
Let o(a) = -a**3 - 6*a**2 + a + 8. Suppose 5*g - 56 - 15 = -z, 2*z + 5*g = 122. Let s = z + -57. What is o(s)?
2
Let u(i) = 2*i + 11. Let z(q) be the first derivative of q**4/4 - q**3/3 - q**2/2 - 10*q + 23. Let t be z(0). Calculate u(t).
-9
Let i(v) = -5*v + 45. Let n(q) = q - 11. Let w(a) = -2*i(a) - 9*n(a). Calculate w(10).
19
Let z = 7 + 0. Let a(u) be the third derivative of u**5/3 - u**4/6 - 7*u**3/3 - 32*u**2. Let b(j) = -7*j**2 + j + 5. Let g(t) = 6*a(t) + 17*b(t). Give g(z).
1
Let n(w) = -w**2 + 6*w - 6. Suppose 0*v = -3*v + 4*b + 9, 4*b 